{"id":59,"date":"2021-02-03T01:29:57","date_gmt":"2021-02-03T00:29:57","guid":{"rendered":"http:\/\/www.christusbund.de\/younited\/?page_id=59"},"modified":"2025-10-11T02:45:34","modified_gmt":"2025-10-11T00:45:34","slug":"staff","status":"publish","type":"page","link":"https:\/\/www.christusbund.de\/younited\/staff\/","title":{"rendered":"Younited #staff"},"content":{"rendered":"<div id=\"pl-59\"  class=\"panel-layout\" ><div id=\"pg-59-0\"  class=\"panel-grid panel-has-style\" ><div class=\"cb_container panel-row-style panel-row-style-for-59-0\" ><div id=\"pgc-59-0-0\"  class=\"panel-grid-cell\" ><div id=\"panel-59-0-0-0\" class=\"so-panel widget widget_black-studio-tinymce widget_black_studio_tinymce panel-first-child panel-last-child\" data-index=\"0\" ><div class=\"container panel-widget-style panel-widget-style-for-59-0-0-0\" ><div class=\"textwidget\"><div class=\"y-content\">\n<h1>Younited #staff<br><span class=\"color-primary\">Mitarbeiterschulung<\/span><\/h1>\n<div class=\"y-label\"><span class=\"label label-primary\"><strong>17.01.2026<\/strong> | Kernen-Stetten<\/span><\/div>\n\n<p>Die Jugend ist nicht nur die Zukunft der Gemeinde, sie ist Teil der Gegenwart der Gemeinde. Deshalb wollen wir Jugendliche in unseren Gottesdiensten und Kreisen mit dem Evangelium pr\u00e4gen und sie begleiten, weil sie an ihren Sch\u00f6pfer denken sollen, solange sie jung sind (Prediger 12,1). Eben weil uns das so am Herzen liegt, ist es umso wichtiger, als Jugendmitarbeiter zusammenzukommen, voneinander zu h\u00f6ren und motivierende Impulse mit nach Hause und in die Gemeinde zu nehmen.<\/p>\n\n<p>Deshalb freuen wir uns, dass es zum dritten Mal hei\u00dfen wird: Willkommen zum Younited #staff! An diesem Tag wollen wir uns in einem Hauptreferat zur Jugendarbeit Gedanken machen und ausrichten lassen. In verschiedenen Seminaren vertiefen wir Inhalte und kommen in den praktischen Austausch. Au\u00dferdem soll es gen\u00fcgend Zeit geben f\u00fcr Gespr\u00e4che untereinander, gute Gemeinschaft und leckeres Essen. Abgeschlossen wird der Tag mit einem Aussendungsgottesdienst.<\/p>\n\n<p>Unser Referent f\u00fcr den Hauptvortrag ist Samuel Stolz, Jahrgang 1995. Nach einem Studium der Wirtschaftswissenschaften berief Gott ihn \u00fcber ein Theologiestudium in der Schweiz in die FEG M\u00fcnchen-Mitte, wo er nach dem Traineeprogramm ab 2024 als Pastor beginnen durfte. Seine Schwerpunkte sind der Bereich \u201eJunge Gemeinde\" und \u201eMusik\". Er ist verheiratet mit Bernice.<\/p>\n\n<p>Melde dich an, sei dabei und bring dein ganzes Team mit! Wir freuen uns auf diese gemeinsame Zeit!<\/p>\n\n<p class=\"cb_btn_multi\">\n  <a class=\"btn btn-primary\" href=\"https:\/\/www.christusbund.de\/freizeiten\/details?fid=26yst\" target=\"_blank\"><i class=\"fas fa-sign-in-alt\"><\/i>\u00a0Infos & Anmeldung<\/a>\n<\/p>\n<\/div><\/div><\/div><\/div><\/div><\/div><\/div><div id=\"pg-59-1\"  class=\"panel-grid panel-has-style\" ><div class=\"full-width panel-row-style panel-row-style-for-59-1\" ><div id=\"pgc-59-1-0\"  class=\"panel-grid-cell\" ><div id=\"panel-59-1-0-0\" class=\"so-panel widget widget_black-studio-tinymce widget_black_studio_tinymce panel-first-child panel-last-child\" data-index=\"1\" ><div class=\"textwidget\"><div id=\"map\"><\/div>\n\n<script type=\"text\/javascript\">\nmaplibregl.accessToken = 'pk.eyJ1IjoiY2JkZXZlbG9wZXIiLCJhIjoiU0FlYUk4ayJ9.yZN1LhjJhopp3Zt6AlAUkQ';\r\nvar map = new maplibregl.Map({\r\n  container: 'map',\r\n  style: 'https:\/\/api.maptiler.com\/maps\/ab4c5dbe-da20-4004-9ff0-e4c1d145b182\/style.json?key=Y4CkKkGMyEQkCkxyuft5',\r\n  center: [9.127845537931988, 48.637636022674855],\r\n  zoom: 11,\r\n  pitch: 50\r\n});\r\nmap.addControl(new maplibregl.NavigationControl());\r\nmap.scrollZoom.disable();\r\n\r\nnew maplibregl.Marker({\r\n    color: '#acaa00',\r\n    closeButton: false\r\n  })\r\n  .setLngLat([9.127845537931988, 48.637636022674855])\r\n  .setPopup(new maplibregl.Popup({\r\n      offset: 25, focusAfterOpen: false\r\n    }) \/\/ add popups\r\n    .setHTML(\"<strong>Christusbund Waldenbuch<\/strong><br>Gartenstr. 10 | 71111 Waldenbuch<br><a class='pointer' href='https:\/\/maps.app.goo.gl\/8PGbStJt87JcDU5L6' target='_blank'><i class='far fa-chevron-circle-right'><\/i> Google Maps<\/a>\"))\r\n  .addTo(map)\r\n  .togglePopup();\n<\/script><\/div><\/div><\/div><\/div><\/div><\/div>","protected":false},"excerpt":{"rendered":"<p>Younited #staffMitarbeiterschulung 17.01.2026 | Kernen-Stetten Die Jugend ist nicht nur die Zukunft der Gemeinde, sie ist Teil der Gegenwart der Gemeinde. Deshalb wollen wir Jugendliche in unseren Gottesdiensten und Kreisen mit dem Evangelium pr\u00e4gen und sie begleiten, weil sie an [&hellip;]<\/p>\n","protected":false},"author":2,"featured_media":601,"parent":0,"menu_order":0,"comment_status":"closed","ping_status":"closed","template":"","meta":{"footnotes":""},"class_list":["post-59","page","type-page","status-publish","has-post-thumbnail","hentry"],"publishpress_future_action":{"enabled":false,"date":"2026-05-06 17:43:48","action":"change-status","newStatus":"draft","terms":[],"taxonomy":"","extraData":[]},"publishpress_future_workflow_manual_trigger":{"enabledWorkflows":[]},"_links":{"self":[{"href":"https:\/\/www.christusbund.de\/younited\/wp-json\/wp\/v2\/pages\/59","targetHints":{"allow":["GET"]}}],"collection":[{"href":"https:\/\/www.christusbund.de\/younited\/wp-json\/wp\/v2\/pages"}],"about":[{"href":"https:\/\/www.christusbund.de\/younited\/wp-json\/wp\/v2\/types\/page"}],"author":[{"embeddable":true,"href":"https:\/\/www.christusbund.de\/younited\/wp-json\/wp\/v2\/users\/2"}],"replies":[{"embeddable":true,"href":"https:\/\/www.christusbund.de\/younited\/wp-json\/wp\/v2\/comments?post=59"}],"version-history":[{"count":10,"href":"https:\/\/www.christusbund.de\/younited\/wp-json\/wp\/v2\/pages\/59\/revisions"}],"predecessor-version":[{"id":897,"href":"https:\/\/www.christusbund.de\/younited\/wp-json\/wp\/v2\/pages\/59\/revisions\/897"}],"wp:featuredmedia":[{"embeddable":true,"href":"https:\/\/www.christusbund.de\/younited\/wp-json\/wp\/v2\/media\/601"}],"wp:attachment":[{"href":"https:\/\/www.christusbund.de\/younited\/wp-json\/wp\/v2\/media?parent=59"}],"curies":[{"name":"wp","href":"https:\/\/api.w.org\/{rel}","templated":true}]}}

<div id="pl-59"  class="panel-layout" ><div id="pg-59-0"  class="panel-grid panel-has-style" ><div class="cb_container panel-row-style panel-row-style-for-59-0" ><div id="pgc-59-0-0"  class="panel-grid-cell" ><div id="panel-59-0-0-0" class="so-panel widget widget_black-studio-tinymce widget_black_studio_tinymce panel-first-child panel-last-child" data-index="0" ><div class="container panel-widget-style panel-widget-style-for-59-0-0-0" ><div class="textwidget"><div class="y-content">
<h1>Younited #staff<br><span class="color-primary">Mitarbeiterschulung</span></h1>
<div class="y-label"><span class="label label-primary"><strong>17.01.2026</strong> | Kernen-Stetten</span></div>

<p>Die Jugend ist nicht nur die Zukunft der Gemeinde, sie ist Teil der Gegenwart der Gemeinde. Deshalb wollen wir Jugendliche in unseren Gottesdiensten und Kreisen mit dem Evangelium prägen und sie begleiten, weil sie an ihren Schöpfer denken sollen, solange sie jung sind (Prediger 12,1). Eben weil uns das so am Herzen liegt, ist es umso wichtiger, als Jugendmitarbeiter zusammenzukommen, voneinander zu hören und motivierende Impulse mit nach Hause und in die Gemeinde zu nehmen.</p>

<p>Deshalb freuen wir uns, dass es zum dritten Mal heißen wird: Willkommen zum Younited #staff! An diesem Tag wollen wir uns in einem Hauptreferat zur Jugendarbeit Gedanken machen und ausrichten lassen. In verschiedenen Seminaren vertiefen wir Inhalte und kommen in den praktischen Austausch. Außerdem soll es genügend Zeit geben für Gespräche untereinander, gute Gemeinschaft und leckeres Essen. Abgeschlossen wird der Tag mit einem Aussendungsgottesdienst.</p>

<p>Unser Referent für den Hauptvortrag ist Samuel Stolz, Jahrgang 1995. Nach einem Studium der Wirtschaftswissenschaften berief Gott ihn über ein Theologiestudium in der Schweiz in die FEG München-Mitte, wo er nach dem Traineeprogramm ab 2024 als Pastor beginnen durfte. Seine Schwerpunkte sind der Bereich „Junge Gemeinde" und „Musik". Er ist verheiratet mit Bernice.</p>

<p>Melde dich an, sei dabei und bring dein ganzes Team mit! Wir freuen uns auf diese gemeinsame Zeit!</p>

<p class="cb_btn_multi">
  <a class="btn btn-primary" href="https://www.christusbund.de/freizeiten/details?fid=26yst" target="_blank"><i class="fas fa-sign-in-alt"></i> Infos & Anmeldung</a>
</p>
</div></div></div></div></div></div></div><div id="pg-59-1"  class="panel-grid panel-has-style" ><div class="full-width panel-row-style panel-row-style-for-59-1" ><div id="pgc-59-1-0"  class="panel-grid-cell" ><div id="panel-59-1-0-0" class="so-panel widget widget_black-studio-tinymce widget_black_studio_tinymce panel-first-child panel-last-child" data-index="1" ><div class="textwidget"><div id="map"></div>

<script type="text/javascript">
maplibregl.accessToken = 'pk.eyJ1IjoiY2JkZXZlbG9wZXIiLCJhIjoiU0FlYUk4ayJ9.yZN1LhjJhopp3Zt6AlAUkQ';
var map = new maplibregl.Map({
  container: 'map',
  style: 'https://api.maptiler.com/maps/ab4c5dbe-da20-4004-9ff0-e4c1d145b182/style.json?key=Y4CkKkGMyEQkCkxyuft5',
  center: [9.127845537931988, 48.637636022674855],
  zoom: 11,
  pitch: 50
});
map.addControl(new maplibregl.NavigationControl());
map.scrollZoom.disable();

new maplibregl.Marker({
    color: '#acaa00',
    closeButton: false
  })
  .setLngLat([9.127845537931988, 48.637636022674855])
  .setPopup(new maplibregl.Popup({
      offset: 25, focusAfterOpen: false
    }) // add popups
    .setHTML("<strong>Christusbund Waldenbuch</strong><br>Gartenstr. 10 | 71111 Waldenbuch<br><a class='pointer' href='https://maps.app.goo.gl/8PGbStJt87JcDU5L6' target='_blank'><i class='far fa-chevron-circle-right'></i> Google Maps</a>"))
  .addTo(map)
  .togglePopup();
</script></div></div></div></div></div></div>

<p>Younited #staffMitarbeiterschulung 17.01.2026 | Kernen-Stetten Die Jugend ist nicht nur die Zukunft der Gemeinde, sie ist Teil der Gegenwart der Gemeinde. Deshalb wollen wir Jugendliche in unseren Gottesdiensten und Kreisen mit dem Evangelium prägen und sie begleiten, weil sie an [&hellip;]</p>
