{"id":374,"date":"2021-10-27T13:11:17","date_gmt":"2021-10-27T11:11:17","guid":{"rendered":"https:\/\/www.christusbund.de\/younited\/?page_id=374"},"modified":"2025-11-29T00:10:09","modified_gmt":"2025-11-28T23:10:09","slug":"invite","status":"publish","type":"page","link":"https:\/\/www.christusbund.de\/younited\/invite\/","title":{"rendered":"Younited #invite"},"content":{"rendered":"<div id=\"pl-374\"  class=\"panel-layout\" ><div id=\"pg-374-0\"  class=\"panel-grid panel-has-style\" ><div class=\"cb_container panel-row-style panel-row-style-for-374-0\" ><div id=\"pgc-374-0-0\"  class=\"panel-grid-cell\" ><div id=\"panel-374-0-0-0\" class=\"so-panel widget widget_black-studio-tinymce widget_black_studio_tinymce panel-first-child panel-last-child\" data-index=\"0\" ><div class=\"container panel-widget-style panel-widget-style-for-374-0-0-0\" ><div class=\"textwidget\"><div class=\"y-content\">\n<h1>Younited #invite<br><span class=\"color-primary\">Themenangebote<\/span><\/h1>\n<div class=\"y-label\"><span class=\"label label-primary\">Bei euch vor Ort<\/span><\/div>\n\n<p>Auf Gottes Wort h\u00f6ren und Gemeinschaft leben \u2013 in unseren Teen- und Jugendkreisen, im Alltag und auch in den etwas kniffligen Fragen des Lebens. Dabei m\u00f6chten wir euch in euren Kreisen vor Ort gerne unterst\u00fctzen. Verschiedene Jugendreferenten in unserem Verband haben sich schon etwas tiefer mit dem ein oder anderen Thema besch\u00e4ftigt, das vermutlich auch viele andere junge Christen in der heutigen Zeit bewegt. Und diese \u201eExperten\u201c stehen euch nun zur Verf\u00fcgung.<\/p>\n\n<p>Bei Younited #invite habt ihr die M\u00f6glichkeit einen Referenten aus dem Christusbund zu einem bestimmten Thema zu euch in den Teen-\/Jugendkreis einzuladen. Alle aktuellen Themen und Referenten haben wir euch nachfolgend aufgelistet. Schaut gerne regelm\u00e4\u00dfig auf dieser Seite vorbei, da wir das Angebot nach Bedarf anpassen und erweitern.<\/p>\n\n<p>Wir freuen uns auf eure Einladung!<\/p>\n\n<p style=\"margin-top: 15px;\"><a class=\"btn btn-primary\" href=\"#themen\"><i class=\"fas fa-arrow-down fa-fw\"><\/i>&nbsp;Themen & Referenten<\/a><\/p>\n\n<\/div><\/div><\/div><\/div><\/div><\/div><\/div><div id=\"pg-374-1\"  class=\"panel-grid panel-has-style\" ><div class=\"cb_container cb_bg_lightgray y-local panel-row-style panel-row-style-for-374-1\" ><div id=\"pgc-374-1-0\"  class=\"panel-grid-cell\" ><div id=\"panel-374-1-0-0\" class=\"so-panel widget widget_black-studio-tinymce widget_black_studio_tinymce panel-first-child panel-last-child\" data-index=\"1\" ><div class=\"container panel-widget-style panel-widget-style-for-374-1-0-0\" ><div class=\"textwidget\"><div class=\"row\">\n  <div id=\"themen\" class=\"cb_wp_anker\"><\/div>\n  <div class=\"col-md-6\">\n    <div class=\"topic\">\n      <h4><span class=\"color-primary\">Thema:<\/span><br>Keiner braucht mehr Jesus<\/h4>\n      <div class=\"referent\"><span class=\"label label-primary\">Levin Illi<\/span><\/div>\n      <div class=\"description\">\n        <p>Viele Leute um dich herum haben kein Interesse am christlichen Glauben. Jesus und alles, was mit der Bibel zu tun hat wird von den meisten aufgekl\u00e4rten Menschen abgewunken. Doch Jesus ist und bleibt das Beste, was den Menschen passieren kann! Die Vergebung der Schuld, ein befreites Leben, bedingungslose Liebe, \u2026 Das ist so brandaktuell und wichtig, wie schon vor 2000 Jahren. Es gibt immer noch gro\u00dfartige Zug\u00e4nge zu den Menschen f\u00fcr die gute Nachricht von Jesus. Doch wie sehen die aus und wie vermittle ich die richtig? Genau dar\u00fcber werden wir uns Gedanken machen, denn: Jeder braucht Jesus!<\/p>\n      <\/div>\n      <div class=\"action\"><a class=\"btn btn-primary\" href=\"#anfrage\"><i class=\"fas fa-envelope fa-fw\"><\/i>\u00a0Levin einladen<\/a><\/div>\n    <\/div>\n    <div class=\"topic\">\n      <h4><span class=\"color-primary\">Thema:<\/span><br>Die H\u00f6lle gibt's wirklich<\/h4>\n      <div class=\"referent\"><span class=\"label label-primary\">Sebastian Blank<\/span><\/div>\n      <div class=\"description\">\n        <p>In diesem Seminar stellen wir uns einer unbequemen, aber entscheidenden Frage: Ist die H\u00f6lle ein realer Ort? W\u00e4hrend Gnade, Rettung und der Himmel h\u00e4ufig im Zentrum unserer Verk\u00fcndigung stehen, wird das Thema H\u00f6lle oft ausgeklammert. Doch Jesus selbst spricht dar\u00fcber offen, weil er m\u00f6chte, dass wir verstehen, wovon er uns gerettet hat. Dieses Verst\u00e4ndnis vertieft unser Bewusstsein f\u00fcr Gottes Liebe und Gerechtigkeit, pr\u00e4gt unser Leben und gibt unserem evangelistischen Auftrag eine neue Dringlichkeit.<\/p>\n      <\/div>\n      <div class=\"action\"><a class=\"btn btn-primary\" href=\"#anfrage\"><i class=\"fas fa-envelope fa-fw\"><\/i>\u00a0Basti einladen<\/a><\/div>\n    <\/div>\n    <div class=\"topic\">\n      <h4><span class=\"color-primary\">Thema:<\/span><br>Gott, du und die KI<\/h4>\n      <div class=\"referent\"><span class=\"label label-primary\">Ruben Sigg<\/span><\/div>\n      <div class=\"description\">\n        <p>K\u00fcnstliche Intelligenz ist l\u00e4ngst Teil unseres Alltags \u2013 sie schreibt Texte, denkt mit und gibt Tipps. Doch wie gehen wir als Christen damit um? Wo liegen Chancen, wo Risiken? Und was sagt die Bibel eigentlich dazu? An diesem Abend geht\u2019s um Orientierung im Umgang mit KI, echte Fragen und \u00fcberraschende Denkanst\u00f6\u00dfe \u2013 verst\u00e4ndlich, praxisnah und mit Raum zum Mitreden. <i>PS: Dieser Einladungstext wurde von ChatGPT geschrieben. Der Referent ist aber ein echter Mensch \u2013 versprochen.<\/i><\/p>\n      <\/div>\n      <div class=\"action\"><a class=\"btn btn-primary\" href=\"#anfrage\"><i class=\"fas fa-envelope fa-fw\"><\/i>Ruben einladen<\/a><\/div>\n    <\/div>\n    <div class=\"topic\">\n      <h4><span class=\"color-primary\">Thema:<\/span><br>Gym, Gains, Gott?<\/h4>\n      <div class=\"referent\"><span class=\"label label-primary\">Daniel Litau<\/span><\/div>\n      <div class=\"description\">\n        <p>Der Fitness-Hype ist \u00fcberall: Muskeln, Kilos verlieren, Motivation, Selbstoptimierung. Aber was passiert, wenn Jesus und Gym aufeinandertreffen? Wir schauen ehrlich auf unseren Wunsch nach St\u00e4rke und Perfektion \u2013 und bewegen, wie das Evangelium unsere Sicht auf K\u00f6rper, Disziplin und Identit\u00e4t ver\u00e4ndert. Fit werden, ohne sich zu verlieren \u2013 was sagt die Bibel dazu? Entdecke, wie echter Wert mehr ist als nur das, was im Spiegel zu sehen ist.<\/i><\/p>\n      <\/div>\n      <div class=\"action\"><a class=\"btn btn-primary\" href=\"#anfrage\"><i class=\"fas fa-envelope fa-fw\"><\/i>Daniel einladen<\/a><\/div>\n    <\/div>\n  <\/div>\n  <div class=\"col-md-6\">\n    <div class=\"topic\">\n      <h4><span class=\"color-primary\">Thema:<\/span><br>The Big Story<\/h4>\n      <div class=\"referent\"><span class=\"label label-primary\">Manuel Nowak<\/span><\/div>\n      <div class=\"description\">\n        <p>Die Bibel \u2013 eine Sammlung von Geschichten in 66 B\u00e4nden oder doch <strong>ein<\/strong> Buch mit <strong>einer<\/strong> gro\u00dfen Geschichte? Wie passen Geschichten aus dem Alten Testament mit den Lehrinhalten des Neuen Testaments zusammen? Warum halten wir uns heute an viele Dinge nicht, die aber explizit im Alten Testament angeordnet sind \u2013 zum Beispiel das Essen von Schweinefleisch, obwohl ganz klar Verboten im Alten Testament. Wir wollen miteinander entdecken, wie wir die ganze Bibel mit dem richtigen Fokus, dem Jesus-Fokus, gewinnbringend lesen und verstehen k\u00f6nnen und wie B\u00fcndnisse und das Gesetz die Geschichte Gottes mit den Menschen gliedert.<\/p>\n      <\/div>\n      <div class=\"action\"><a class=\"btn btn-primary\" href=\"#anfrage\"><i class=\"fas fa-envelope fa-fw\"><\/i>Manuel einladen<\/a><\/div>\n    <\/div>\n    <div class=\"topic\">\n      <h4><span class=\"color-primary\">Thema:<\/span><br>Pure Vibes<\/h4>\n      <div class=\"referent\"><span class=\"label label-primary\">Simon Hamalega<\/span><\/div>\n      <div class=\"description\">\n        <p>Sex \u2013 Geschenk oder Gefahr? \u201eKein Sex vor der Ehe\u201c kennen wir, aber geht es bei der sexuellen Reinheit wirklich um das richtige Verhalten? Sex ist gut und kostbar, und doch in dieser \u00fcbersexualisierten Welt oft etwas verwirrend. Wir reden \u00fcber innere Reinheit, Gottes Ziel mit seinem Design f\u00fcr Liebe und Sex, \u00fcber tiefe Freude daran und dar\u00fcber, dass Freiheit keine offenen Grenzen bedeutet. Wir d\u00fcrfen uns nicht mit dem zufrieden geben, wie Liebe um uns herum definiert wird. Es geht um etwas Gr\u00f6\u00dferes, viel Sch\u00f6neres!<\/p>\n      <\/div>\n      <div class=\"action\"><a class=\"btn btn-primary\" href=\"#anfrage\"><i class=\"fas fa-envelope fa-fw\"><\/i>Simon einladen<\/a><\/div>\n    <\/div>\n    <div class=\"topic\">\n      <h4><span class=\"color-primary\">Thema:<\/span><br>Das Herz auf der Zunge<\/h4>\n      <div class=\"referent\"><span class=\"label label-primary\">Simon Hamalega<\/span><\/div>\n      <div class=\"description\">\n        <p>Die Zunge ist unser st\u00e4rkster Muskel. Sie kann w\u00e4rmen und ermutigen, doch genauso in Brand setzen und verletzen. Wir merken Online oder Face-to-Face schnell, wie Worte Kraft aus\u00fcben. Aber was, wenn das Evangelium unsere Sprache echt ver\u00e4ndern k\u00f6nnte? Wie beeinflusst Gottes Gnade die ca. 16.000 Worte, die wir jeden Tag aussprechen und tippen? Wir entdecken, wie das Evangelium unsere Wortwahl pr\u00e4gt und was der sprechende Gott \u00fcber unseren m\u00e4chtigen Muskel zu sagen hat.<\/p>\n      <\/div>\n      <div class=\"action\"><a class=\"btn btn-primary\" href=\"#anfrage\"><i class=\"fas fa-envelope fa-fw\"><\/i>Simon einladen<\/a><\/div>\n    <\/div>\n  <\/div>\n<\/div><\/div><\/div><\/div><\/div><\/div><\/div><div id=\"pg-374-2\"  class=\"panel-grid panel-has-style\" ><div class=\"cb_container panel-row-style panel-row-style-for-374-2\" ><div id=\"pgc-374-2-0\"  class=\"panel-grid-cell\" ><div id=\"panel-374-2-0-0\" class=\"so-panel widget widget_black-studio-tinymce widget_black_studio_tinymce panel-first-child panel-last-child\" data-index=\"2\" ><div class=\"container panel-widget-style panel-widget-style-for-374-2-0-0\" ><div class=\"textwidget\"><div id=\"anfrage\" class=\"cb_wp_anker_inner\"><\/div>\n<h3 style=\"margin-bottom: 15px;\">Referenten einladen<\/h3>\n<p style=\"margin-bottom: 15px;\">Gerne kommen wir zu euch in den Teen-\/Jugendkreis. Wendet euch einfach direkt an den jeweiligen Referenten \u2013 per E-Mail oder nutzt folgendes Formular, um Kontakt mit uns aufzunehmen. W\u00e4hlt euer Wunschthema, gebt die Kontaktdaten eines Ansprechpartners vor Ort an und macht am besten gleich ein paar Terminvorschl\u00e4ge.<\/p>\n\n<div class=\"wpcf7 no-js\" id=\"wpcf7-f5-o1\" lang=\"de-DE\" dir=\"ltr\" data-wpcf7-id=\"5\">\n<div class=\"screen-reader-response\"><p role=\"status\" aria-live=\"polite\" aria-atomic=\"true\"><\/p> <ul><\/ul><\/div>\n<form action=\"\/younited\/wp-json\/wp\/v2\/pages\/374#wpcf7-f5-o1\" method=\"post\" class=\"wpcf7-form init\" aria-label=\"Kontaktformular\" novalidate=\"novalidate\" data-status=\"init\">\n<fieldset class=\"hidden-fields-container\"><input type=\"hidden\" name=\"_wpcf7\" value=\"5\" \/><input type=\"hidden\" name=\"_wpcf7_version\" value=\"6.1.5\" \/><input type=\"hidden\" name=\"_wpcf7_locale\" value=\"de_DE\" \/><input type=\"hidden\" name=\"_wpcf7_unit_tag\" value=\"wpcf7-f5-o1\" \/><input type=\"hidden\" name=\"_wpcf7_container_post\" value=\"0\" \/><input type=\"hidden\" name=\"_wpcf7_posted_data_hash\" value=\"\" \/>\n<\/fieldset>\n<div class=\"row\">\n\t<div class=\"col-md-12\">\n\t\t<div class=\"form-group\">\n\t\t\t<p><label for=\"recipient\">Thema <span class=\"required color-primary\">*<\/span><\/label><br \/>\n<span class=\"wpcf7-form-control-wrap\" data-name=\"recipient\"><select class=\"wpcf7-form-control wpcf7-select wpcf7-validates-as-required selectpicker form-control\" id=\"recipient\" aria-required=\"true\" aria-invalid=\"false\" name=\"recipient\"><option value=\"Thema: Keiner braucht mehr Jesus \u2013 Levin Illi\">Thema: Keiner braucht mehr Jesus \u2013 Levin Illi<\/option><option value=\"Thema: Die H\u00f6lle gibt&#039;s wirklich \u2013 Sebastian Blank\">Thema: Die H\u00f6lle gibt&#039;s wirklich \u2013 Sebastian Blank<\/option><option value=\"Thema: Gott, du und die KI \u2013 Ruben Sigg\">Thema: Gott, du und die KI \u2013 Ruben Sigg<\/option><option value=\"Thema: Gym, Gains, Gott? \u2013 Daniel Litau\">Thema: Gym, Gains, Gott? \u2013 Daniel Litau<\/option><option value=\"Thema: The Big Story \u2013 Manuel Nowak\">Thema: The Big Story \u2013 Manuel Nowak<\/option><option value=\"Thema: Pure Vibes \u2013 Simon Hamalega\">Thema: Pure Vibes \u2013 Simon Hamalega<\/option><option value=\"Thema: Das Herz auf der Zunge \u2013 Simon Hamalega\">Thema: Das Herz auf der Zunge \u2013 Simon Hamalega<\/option><\/select><\/span>\n\t\t\t<\/p>\n\t\t<\/div>\n\t<\/div>\n<\/div>\n<div class=\"row\">\n\t<div class=\"col-md-6\">\n\t\t<div class=\"form-group\">\n\t\t\t<p><label for=\"your-name\">Teen-\/Jugendkreis <span class=\"required color-primary\">*<\/span><\/label><br \/>\n<span class=\"wpcf7-form-control-wrap\" data-name=\"your-group\"><input size=\"40\" maxlength=\"400\" class=\"wpcf7-form-control wpcf7-text wpcf7-validates-as-required form-control\" id=\"your-name\" aria-required=\"true\" aria-invalid=\"false\" placeholder=\"Name bzw. Ort deines Teen-\/Jugendkreises\" value=\"\" type=\"text\" name=\"your-group\" \/><\/span>\n\t\t\t<\/p>\n\t\t<\/div>\n\t<\/div>\n\t<div class=\"col-md-6\">\n\t\t<div class=\"form-group\">\n\t\t\t<p><label for=\"your-name\">Ansprechpartner <span class=\"required color-primary\">*<\/span><\/label><br \/>\n<span class=\"wpcf7-form-control-wrap\" data-name=\"your-name\"><input size=\"40\" maxlength=\"400\" class=\"wpcf7-form-control wpcf7-text wpcf7-validates-as-required form-control\" aria-required=\"true\" aria-invalid=\"false\" placeholder=\"Dein Vor- und Nachname\" value=\"\" type=\"text\" name=\"your-name\" \/><\/span>\n\t\t\t<\/p>\n\t\t<\/div>\n\t<\/div>\n<\/div>\n<div class=\"row\">\n\t<div class=\"col-md-6\">\n\t\t<div class=\"form-group\">\n\t\t\t<p><label for=\"your-email\">E-Mail-Adresse <span class=\"required color-primary\">*<\/span><\/label><br \/>\n<span class=\"wpcf7-form-control-wrap\" data-name=\"your-email\"><input size=\"40\" maxlength=\"400\" class=\"wpcf7-form-control wpcf7-email wpcf7-validates-as-required wpcf7-text wpcf7-validates-as-email form-control\" id=\"your-email\" aria-required=\"true\" aria-invalid=\"false\" placeholder=\"Deine E-Mail-Adresse\" value=\"\" type=\"email\" name=\"your-email\" \/><\/span>\n\t\t\t<\/p>\n\t\t<\/div>\n\t<\/div>\n\t<div class=\"col-md-6\">\n\t\t<div class=\"form-group\">\n\t\t\t<p><label for=\"your-tel\">Telefon<\/label><br \/>\n<span class=\"wpcf7-form-control-wrap\" data-name=\"your-tel\"><input size=\"40\" maxlength=\"400\" class=\"wpcf7-form-control wpcf7-tel wpcf7-text wpcf7-validates-as-tel form-control\" id=\"your-tel\" aria-invalid=\"false\" placeholder=\"Deine Telefonnummer (optional)\" value=\"\" type=\"tel\" name=\"your-tel\" \/><\/span>\n\t\t\t<\/p>\n\t\t<\/div>\n\t<\/div>\n<\/div>\n<div class=\"row\">\n\t<div class=\"col-md-12\">\n\t\t<div class=\"form-group\">\n\t\t\t<p><label for=\"your-message\">Nachricht <span class=\"required color-primary\">*<\/span><\/label><br \/>\n<span class=\"wpcf7-form-control-wrap\" data-name=\"your-message\"><textarea cols=\"40\" rows=\"10\" maxlength=\"2000\" class=\"wpcf7-form-control wpcf7-textarea wpcf7-validates-as-required form-control\" id=\"your-message\" aria-required=\"true\" aria-invalid=\"false\" placeholder=\"Deine Nachricht an den Referenten\" name=\"your-message\"><\/textarea><\/span>\n\t\t\t<\/p>\n\t\t<\/div>\n\t\t<div class=\"form-group\">\n\t\t\t<p>Mit Klick auf \u00bbAnfrage senden\u00ab stimmst du zu, dass wir deine Angaben zur Bearbeitung deiner Anfrage gem\u00e4\u00df Art. 6 Abs. 1 lit. a DSGVO verarbeiten d\u00fcrfen. Detaillierte Informationen zu unserem Umgang mit deinen personenbezogenen Daten sowie zu deinem Widerrufsrecht findest du in unserer <a href='https:\/\/www.christusbund.de\/datenschutz'>Datenschutzerkl\u00e4rung<\/a>.\n\t\t\t<\/p>\n\t\t<\/div>\n\t\t<p><input class=\"wpcf7-form-control wpcf7-submit has-spinner btn btn-primary btn-no-focus\" type=\"submit\" value=\"Anfrage senden\" \/>\n\t\t<\/p>\n\t<\/div>\n<\/div><div class=\"wpcf7-response-output\" aria-hidden=\"true\"><\/div>\n<\/form>\n<\/div>\n\n\n<script type=\"text\/javascript\">\njQuery(document).ready(function($) {\r\n    var recipient = getParameterByName('topic');\r\n    $('#recipient').val(recipient);\r\n    $('#recipient').selectpicker({\r\n      liveSearch: true\r\n   });\r\n});\n<\/script><\/div><\/div><\/div><\/div><\/div><\/div><div id=\"pg-374-3\"  class=\"panel-grid panel-has-style\" ><div class=\"full-width panel-row-style panel-row-style-for-374-3\" ><div id=\"pgc-374-3-0\"  class=\"panel-grid-cell\" ><div id=\"panel-374-3-0-0\" class=\"so-panel widget widget_black-studio-tinymce widget_black_studio_tinymce panel-first-child panel-last-child\" data-index=\"3\" ><div class=\"textwidget\"><div id=\"map\"><\/div>\n\n<script type=\"text\/javascript\">\nmaplibregl.accessToken = 'pk.eyJ1IjoiY2JkZXZlbG9wZXIiLCJhIjoiU0FlYUk4ayJ9.yZN1LhjJhopp3Zt6AlAUkQ';\r\nvar map = new maplibregl.Map({\r\n  container: 'map',\r\n  style: 'https:\/\/api.maptiler.com\/maps\/ab4c5dbe-da20-4004-9ff0-e4c1d145b182\/style.json?key=Y4CkKkGMyEQkCkxyuft5',\r\n  center: [9.35, 48.65],\r\n  zoom: 8,\r\n  pitch: 30\r\n});\r\nmap.addControl(new maplibregl.NavigationControl());\r\nmap.scrollZoom.disable();\r\njQuery(document).ready(function ($) {\r\n  $.getJSON(\"https:\/\/api.christusbund.de\/gemeinschaften\/?format=geojson\", function (geojson) {\r\n    geojson.features.forEach(function(marker) {\r\n      \/\/ make a marker for each feature and add to the map\r\n      new maplibregl.Marker({\r\n          color: '#acaa00',\r\n          closeButton: false\r\n        })\r\n        .setLngLat(marker.geometry.coordinates)\r\n        .setPopup(new maplibregl.Popup({\r\n            offset: 25, focusAfterOpen: false\r\n          }) \/\/ add popups\r\n          .setHTML('<div class=\"map-marker-description\"><strong>' + marker.properties.title + '<\/strong><br>' + marker.properties.description + '<\/div>'))\r\n        .addTo(map);\r\n    });\r\n  });\r\n});\n<\/script><\/div><\/div><\/div><\/div><\/div><\/div>","protected":false},"excerpt":{"rendered":"<p>Younited #inviteThemenangebote Bei euch vor Ort Auf Gottes Wort h\u00f6ren und Gemeinschaft leben \u2013 in unseren Teen- und Jugendkreisen, im Alltag und auch in den etwas kniffligen Fragen des Lebens. Dabei m\u00f6chten wir euch in euren Kreisen vor Ort gerne [&hellip;]<\/p>\n","protected":false},"author":2,"featured_media":603,"parent":0,"menu_order":0,"comment_status":"closed","ping_status":"closed","template":"","meta":{"footnotes":""},"class_list":["post-374","page","type-page","status-publish","has-post-thumbnail","hentry"],"publishpress_future_action":{"enabled":false,"date":"2026-05-06 17:43:12","action":"change-status","newStatus":"draft","terms":[],"taxonomy":"","extraData":[]},"publishpress_future_workflow_manual_trigger":{"enabledWorkflows":[]},"_links":{"self":[{"href":"https:\/\/www.christusbund.de\/younited\/wp-json\/wp\/v2\/pages\/374","targetHints":{"allow":["GET"]}}],"collection":[{"href":"https:\/\/www.christusbund.de\/younited\/wp-json\/wp\/v2\/pages"}],"about":[{"href":"https:\/\/www.christusbund.de\/younited\/wp-json\/wp\/v2\/types\/page"}],"author":[{"embeddable":true,"href":"https:\/\/www.christusbund.de\/younited\/wp-json\/wp\/v2\/users\/2"}],"replies":[{"embeddable":true,"href":"https:\/\/www.christusbund.de\/younited\/wp-json\/wp\/v2\/comments?post=374"}],"version-history":[{"count":10,"href":"https:\/\/www.christusbund.de\/younited\/wp-json\/wp\/v2\/pages\/374\/revisions"}],"predecessor-version":[{"id":902,"href":"https:\/\/www.christusbund.de\/younited\/wp-json\/wp\/v2\/pages\/374\/revisions\/902"}],"wp:featuredmedia":[{"embeddable":true,"href":"https:\/\/www.christusbund.de\/younited\/wp-json\/wp\/v2\/media\/603"}],"wp:attachment":[{"href":"https:\/\/www.christusbund.de\/younited\/wp-json\/wp\/v2\/media?parent=374"}],"curies":[{"name":"wp","href":"https:\/\/api.w.org\/{rel}","templated":true}]}}