{"id":598,"date":"2016-01-27T23:12:46","date_gmt":"2016-01-27T22:12:46","guid":{"rendered":"http:\/\/sandbox.christusbund.de\/wp\/weilheim\/?page_id=598"},"modified":"2022-11-22T20:07:24","modified_gmt":"2022-11-22T19:07:24","slug":"teen-bibel-kreis","status":"publish","type":"page","link":"https:\/\/www.christusbund.de\/weilheim\/jugend\/teen-bibel-kreis\/","title":{"rendered":"Teen-Bibel-Kreis"},"content":{"rendered":"<div id=\"pl-598\"  class=\"panel-layout\" ><div id=\"pg-598-0\"  class=\"panel-grid panel-has-style\" ><div class=\"container cb_container panel-row-style panel-row-style-for-598-0\" ><div id=\"pgc-598-0-0\"  class=\"panel-grid-cell\" ><div id=\"panel-598-0-0-0\" class=\"so-panel widget widget_black-studio-tinymce widget_black_studio_tinymce panel-first-child panel-last-child\" data-index=\"0\" ><h3 class=\"widget-title\">Teen-Bibel-Kreis<\/h3><div class=\"textwidget\"><p>Hallo du,<\/p>\n<p>wir sind eine Gruppe Jugendlicher im Alter zwischen 13 und 17 Jahren. Wir treffen uns jeden Donnerstag (au\u00dfer in den Schulferien) von 19:00 bis 21:15 Uhr im Neuen L\u00f6wensaal. Dabei h\u00f6ren wir auf die Bibel, Gottes Wort und entdecken gemeinsam, wer Jesus Christus ist. Wir wollen auch heute mit Jesus leben und gemeinsam k\u00f6nnen wir uns dabei helfen. Nat\u00fcrlich freuen wir uns auch immer wieder an Spielen, anderen Aktionen und gemeinsamem Essen.<\/p>\n<p>Schau doch einfach mal vorbei, wir freuen uns auf dich!<\/p>\n<p>Deine Mitarbeiter des Teenbibelkreises.<br \/>\nAndi, Jam, Ben, Hanna<\/p>\n<\/div><\/div><\/div><div id=\"pgc-598-0-1\"  class=\"panel-grid-cell\" ><div id=\"panel-598-0-1-0\" class=\"so-panel widget widget_black-studio-tinymce widget_black_studio_tinymce panel-first-child panel-last-child\" data-index=\"1\" ><div class=\"cb_sidebar panel-widget-style panel-widget-style-for-598-0-1-0\" ><div class=\"textwidget\"><h3 class=\"ansprechpartner\" style=\"margin-bottom: 10px;margin-top: 0\">Ansprechpartner<\/h3>\n<p>Andi & Mirjam Herrmann<\/p>\n<p><a class=\"btn btn-primary\" href=\"mailto:teens@christusbund-weilheim.de\"><i class=\"fas fa-envelope\"><\/i> E-Mail schreiben<\/a><\/p>\n<\/div><\/div><\/div><\/div><\/div><\/div><div id=\"pg-598-1\"  class=\"panel-grid panel-has-style\" ><div class=\"cb_bg_lightgray cb_container panel-row-style panel-row-style-for-598-1\" ><div id=\"pgc-598-1-0\"  class=\"panel-grid-cell\" ><div id=\"panel-598-1-0-0\" class=\"so-panel widget widget_siteorigin-panels-builder panel-first-child panel-last-child\" data-index=\"2\" ><div class=\"container panel-widget-style panel-widget-style-for-598-1-0-0\" ><div id=\"pl-w6252cabc662b0\"  class=\"panel-layout\" ><div id=\"pg-w6252cabc662b0-0\"  class=\"panel-grid panel-no-style\" ><div id=\"pgc-w6252cabc662b0-0-0\"  class=\"panel-grid-cell panel-grid-cell-mobile-last\" ><div id=\"panel-w6252cabc662b0-0-0-0\" class=\"so-panel widget widget_black-studio-tinymce widget_black_studio_tinymce panel-first-child panel-last-child\" data-index=\"0\" ><div class=\"textwidget\"><h3 style=\"margin: 0 0 10px 0\">Auf einen Blick<\/h3>\n<ul class=\"cb_iconList\">\n<li>\n    <span><i class=\"fas fa-users\"><\/i><\/span><\/p>\n<p>\n      Teens zwischen 13 und 17 Jahren\n    <\/p>\n<\/li>\n<li>\n    <span><i class=\"fas fa-clock\"><\/i><\/span><\/p>\n<p>\n      Jeden Donnerstag, 19:00 - 21:15 Uhr (au\u00dfer in den Schulferien)\n    <\/p>\n<\/li>\n<li>\n    <span><i class=\"fas fa-map-marker\"><\/i><\/span><\/p>\n<p>\n      Neuer L\u00f6wensaal, Gruppenraum 3 (UG)\n    <\/p>\n<\/li>\n<\/ul>\n<\/div><\/div><\/div><div id=\"pgc-w6252cabc662b0-0-1\"  class=\"panel-grid-cell panel-grid-cell-empty\" ><\/div><\/div><\/div><\/div><\/div><\/div><\/div><\/div><\/div>","protected":false},"excerpt":{"rendered":"<p>Hallo du, wir sind eine Gruppe Jugendlicher im Alter zwischen 13 und 17 Jahren. Wir treffen uns jeden Donnerstag (au\u00dfer in den Schulferien) von 19:00 bis 21:15 Uhr im Neuen L\u00f6wensaal. Dabei h\u00f6ren wir auf die Bibel, Gottes Wort und [&hellip;]<\/p>\n","protected":false},"author":49,"featured_media":876,"parent":546,"menu_order":0,"comment_status":"closed","ping_status":"closed","template":"","meta":{"footnotes":""},"class_list":["post-598","page","type-page","status-publish","has-post-thumbnail","hentry"],"publishpress_future_action":{"enabled":false,"date":"2026-05-16 11:08:34","action":"change-status","newStatus":"draft","terms":[],"taxonomy":"","extraData":[]},"publishpress_future_workflow_manual_trigger":{"enabledWorkflows":[]},"_links":{"self":[{"href":"https:\/\/www.christusbund.de\/weilheim\/wp-json\/wp\/v2\/pages\/598","targetHints":{"allow":["GET"]}}],"collection":[{"href":"https:\/\/www.christusbund.de\/weilheim\/wp-json\/wp\/v2\/pages"}],"about":[{"href":"https:\/\/www.christusbund.de\/weilheim\/wp-json\/wp\/v2\/types\/page"}],"author":[{"embeddable":true,"href":"https:\/\/www.christusbund.de\/weilheim\/wp-json\/wp\/v2\/users\/49"}],"replies":[{"embeddable":true,"href":"https:\/\/www.christusbund.de\/weilheim\/wp-json\/wp\/v2\/comments?post=598"}],"version-history":[{"count":10,"href":"https:\/\/www.christusbund.de\/weilheim\/wp-json\/wp\/v2\/pages\/598\/revisions"}],"predecessor-version":[{"id":2115,"href":"https:\/\/www.christusbund.de\/weilheim\/wp-json\/wp\/v2\/pages\/598\/revisions\/2115"}],"up":[{"embeddable":true,"href":"https:\/\/www.christusbund.de\/weilheim\/wp-json\/wp\/v2\/pages\/546"}],"wp:featuredmedia":[{"embeddable":true,"href":"https:\/\/www.christusbund.de\/weilheim\/wp-json\/wp\/v2\/media\/876"}],"wp:attachment":[{"href":"https:\/\/www.christusbund.de\/weilheim\/wp-json\/wp\/v2\/media?parent=598"}],"curies":[{"name":"wp","href":"https:\/\/api.w.org\/{rel}","templated":true}]}}