{"id":4041,"date":"2020-09-02T14:31:51","date_gmt":"2020-09-02T12:31:51","guid":{"rendered":"https:\/\/www.christusbund.de\/weilheim\/?page_id=4041"},"modified":"2020-09-22T16:28:55","modified_gmt":"2020-09-22T14:28:55","slug":"bibelabende","status":"publish","type":"page","link":"https:\/\/www.christusbund.de\/weilheim\/bibelabende\/","title":{"rendered":"Bibelabende"},"content":{"rendered":"<div id=\"pl-4041\"  class=\"panel-layout\" ><div id=\"pg-4041-0\"  class=\"panel-grid panel-has-style\" ><div class=\"container cb_container panel-row-style panel-row-style-for-4041-0\" ><div id=\"pgc-4041-0-0\"  class=\"panel-grid-cell\" ><div id=\"panel-4041-0-0-0\" class=\"so-panel widget widget_black-studio-tinymce widget_black_studio_tinymce panel-first-child panel-last-child\" data-index=\"0\" ><h3 class=\"widget-title\">Anmeldung Bibelabende<\/h3><div class=\"textwidget\"><h3>Hygiene-Konzept f\u00fcr Veranstaltungen im Neuen L\u00f6wensaal <br \/>(Stand: 14.9.2020)<\/h3>\n<h4>1. Teilnehmer<\/h4>\n<p>Bei Veranstaltungen k\u00f6nnen ungef\u00e4hr 100 Personen teilnehmen. Damit man auch sicher einen Platz bekommt, empfehlen wir eine Anmeldung. (Mehr zur Anmeldung unter Pkt. 3)<\/p>\n<p>Personengruppen, die nicht teilnehmen d\u00fcrfen:<\/p>\n<ul>\n<li>Menschen, die k\u00fcrzlich positiv auf Covid-19 getestet wurden und noch nicht als genesen gelten.<\/li>\n<li>Menschen, die mit Infizierten in Ber\u00fchrung kamen und in Quarant\u00e4ne leben m\u00fcssen.<\/li>\n<li>Menschen, die Krankheitssymptome haben (Fieber, Husten, Niesen, Atemnot u.a.).<\/li>\n<li>Menschen, die nicht bereit sind, sich an die Hygieneregeln zu halten.<\/li>\n<\/ul>\n<h4>2. Hygieneregeln<\/h4>\n<p><u>Mund-Nasen-Schutz:<\/u> Beim Ankommen und Weggehen muss ein Mund-Nasen-Schutz getragen werden. Jeder Teilnehme sollte einen Mund-Nasen-Schutz mitbringen.<\/p>\n<p><u>Abstandsregelung:<\/u> Wir achten auf den Abstand von 1,5 m: Beim Ankommen, w\u00e4hrend der Veranstaltung, beim Verlassen, in den Sanit\u00e4rr\u00e4umen. Ausgenommen sind Menschen, die zusammen in einem Haushalt leben.<\/p>\n<p><u>Sitzpl\u00e4tze:<\/u> Die Stuhlreihen sind im Abstand von 1,5 m gestellt und d\u00fcrfen nicht verr\u00fcckt werden. Menschen, die in einem Haushalt leben, d\u00fcrfen auch direkt nebeneinander sitzen. Die St\u00fchle sind mit Nummern gekennzeichnet. Die Platzzuteilung erfolgt im Foyer direkt vor Veranstaltungsbeginn.<\/p>\n<p><u>H\u00e4ndedesinfektion:<\/u> Am Eingang und nach dem Gang zur Toilette bitten wir, die H\u00e4nde zu desinfizieren. Entsprechende Desinfektionsspender stehen bereit.<\/p>\n<p><u>Singen:<\/u> Wir verzichten auf das gemeinsame Singen und h\u00f6ren einem Singteam zu. Allenfalls ist leises Mitsingen mit Mund-Nasen-Bedeckung erlaubt. Liederb\u00fccher und Bibeln werden nicht ausgeteilt. Bibeln bitte selbst mitbringen (wie gewohnt). Lieder werden projiziert.<\/p>\n<h4>3. Anmeldung<\/h4>\n<p>Wegen der eingeschr\u00e4nkten Teilnehmerzahl ist eine Anmeldung im Voraus bis Freitagabend hilfreich. Die Anmeldedaten werden auch zum Zweck der R\u00fcckverfolgbarkeit von Infektionen mit COVID 19 gespeichert und sp\u00e4testens 4 Wochen nach Veranstaltungsende gel\u00f6scht. Alles weitere ist unserer <a href=\"\/weilheim\/datenschutz\" target=\"_blank\">Datenschutzerkl\u00e4rung<\/a> zu entnehmen.<\/p>\n<p><strong>Online-Anmeldung leider nicht mehr m\u00f6glich. Bitte telefonisch bei Eberhard Autenrieth nachfragen, ob noch Pl\u00e4tze vorhanden sind. Tel: 07023 741 865<\/strong><\/p>\n<\/div><\/div><\/div><div id=\"pgc-4041-0-1\"  class=\"panel-grid-cell\" ><div id=\"panel-4041-0-1-0\" class=\"so-panel widget widget_black-studio-tinymce widget_black_studio_tinymce panel-first-child panel-last-child\" data-index=\"1\" ><div class=\"cb_sidebar panel-widget-style panel-widget-style-for-4041-0-1-0\" ><div class=\"textwidget\"><h3 class=\"ansprechpartner\" style=\"margin-bottom: 10px;margin-top: 0\">Ansprechpartner<\/h3>\n<p>Eberhard Autenrieth<\/p>\n<\/div><\/div><\/div><\/div><\/div><\/div><div id=\"pg-4041-1\"  class=\"panel-grid panel-has-style\" ><div class=\"cb_bg_lightgray cb_container panel-row-style panel-row-style-for-4041-1\" ><div id=\"pgc-4041-1-0\"  class=\"panel-grid-cell\" ><div id=\"panel-4041-1-0-0\" class=\"so-panel widget widget_siteorigin-panels-builder panel-first-child panel-last-child\" data-index=\"2\" ><div class=\"container panel-widget-style panel-widget-style-for-4041-1-0-0\" ><div id=\"pl-w5f4f90b7e25eb\"  class=\"panel-layout\" ><div id=\"pg-w5f4f90b7e25eb-0\"  class=\"panel-grid panel-no-style\" ><div id=\"pgc-w5f4f90b7e25eb-0-0\"  class=\"panel-grid-cell panel-grid-cell-mobile-last\" ><div id=\"panel-w5f4f90b7e25eb-0-0-0\" class=\"so-panel widget widget_black-studio-tinymce widget_black_studio_tinymce panel-first-child panel-last-child\" data-index=\"0\" ><div class=\"textwidget\"><h3 style=\"margin: 0 0 10px 0\">Auf einen Blick<\/h3>\n<ul class=\"cb_iconList\">\n<li>\n    <span><i class=\"fas fa-users\"><\/i><\/span><\/p>\n<p>\n     Alle (bitte anmelden)\n    <\/p>\n<\/li>\n<li>\n    <span><i class=\"fas fa-clock\"><\/i><\/span><\/p>\n<p>\n      22.-24. September 2020 - 20:00 Uhr\n    <\/p>\n<\/li>\n<li>\n    <span><i class=\"fas fa-map-marker\"><\/i><\/span><\/p>\n<p>\n      Neuer L\u00f6wensaal\n    <\/p>\n<\/li>\n<\/ul>\n<\/div><\/div><\/div><div id=\"pgc-w5f4f90b7e25eb-0-1\"  class=\"panel-grid-cell panel-grid-cell-empty\" ><\/div><\/div><\/div><\/div><\/div><\/div><\/div><\/div><\/div>","protected":false},"excerpt":{"rendered":"<p>Hygiene-Konzept f\u00fcr Veranstaltungen im Neuen L\u00f6wensaal (Stand: 14.9.2020) 1. Teilnehmer Bei Veranstaltungen k\u00f6nnen ungef\u00e4hr 100 Personen teilnehmen. Damit man auch sicher einen Platz bekommt, empfehlen wir eine Anmeldung. (Mehr zur Anmeldung unter Pkt. 3) Personengruppen, die nicht teilnehmen d\u00fcrfen: Menschen, [&hellip;]<\/p>\n","protected":false},"author":49,"featured_media":467,"parent":0,"menu_order":0,"comment_status":"closed","ping_status":"closed","template":"","meta":{"footnotes":""},"class_list":["post-4041","page","type-page","status-publish","has-post-thumbnail","hentry"],"publishpress_future_action":{"enabled":false,"date":"2026-04-21 12:59:42","action":"change-status","newStatus":"draft","terms":[],"taxonomy":"","extraData":[]},"publishpress_future_workflow_manual_trigger":{"enabledWorkflows":[]},"_links":{"self":[{"href":"https:\/\/www.christusbund.de\/weilheim\/wp-json\/wp\/v2\/pages\/4041","targetHints":{"allow":["GET"]}}],"collection":[{"href":"https:\/\/www.christusbund.de\/weilheim\/wp-json\/wp\/v2\/pages"}],"about":[{"href":"https:\/\/www.christusbund.de\/weilheim\/wp-json\/wp\/v2\/types\/page"}],"author":[{"embeddable":true,"href":"https:\/\/www.christusbund.de\/weilheim\/wp-json\/wp\/v2\/users\/49"}],"replies":[{"embeddable":true,"href":"https:\/\/www.christusbund.de\/weilheim\/wp-json\/wp\/v2\/comments?post=4041"}],"version-history":[{"count":10,"href":"https:\/\/www.christusbund.de\/weilheim\/wp-json\/wp\/v2\/pages\/4041\/revisions"}],"predecessor-version":[{"id":4123,"href":"https:\/\/www.christusbund.de\/weilheim\/wp-json\/wp\/v2\/pages\/4041\/revisions\/4123"}],"wp:featuredmedia":[{"embeddable":true,"href":"https:\/\/www.christusbund.de\/weilheim\/wp-json\/wp\/v2\/media\/467"}],"wp:attachment":[{"href":"https:\/\/www.christusbund.de\/weilheim\/wp-json\/wp\/v2\/media?parent=4041"}],"curies":[{"name":"wp","href":"https:\/\/api.w.org\/{rel}","templated":true}]}}