{"id":179,"date":"2015-11-18T23:45:33","date_gmt":"2015-11-18T22:45:33","guid":{"rendered":"http:\/\/sandbox.christusbund.de\/wordpress\/newtheme\/?page_id=179"},"modified":"2023-09-19T21:25:46","modified_gmt":"2023-09-19T19:25:46","slug":"gottesdienst","status":"publish","type":"page","link":"https:\/\/www.christusbund.de\/weilheim\/gemeinde\/gottesdienst\/","title":{"rendered":"Gottesdienst"},"content":{"rendered":"<div id=\"pl-179\"  class=\"panel-layout\" ><div id=\"pg-179-0\"  class=\"panel-grid panel-has-style\" ><div class=\"container cb_container panel-row-style panel-row-style-for-179-0\" ><div id=\"pgc-179-0-0\"  class=\"panel-grid-cell\" ><div id=\"panel-179-0-0-0\" class=\"so-panel widget widget_black-studio-tinymce widget_black_studio_tinymce panel-first-child panel-last-child\" data-index=\"0\" ><div class=\"textwidget\"><h3 style=\"margin-bottom:10px\">Gottesdienste<\/h3>\n<p>Die Gottesdienste, die mit wenigen Ausnahmen jeden Sonntag von 10:30 bis 11:30 Uhr gefeiert werden, sind die Hauptveranstaltungen innerhalb unserer vielf\u00e4ltigen Angebote.<\/p>\n<p>Neben den Liedern durch Musikteams, und dem Gebet ist die Predigt der Mittelpunkt des Gottesdienstes. Diese wird meistens von den ausgebildeten Pastoren unseres Verbandes gehalten. Immer wieder kommen aber auch Redner von befreundeten Werken und Einrichtungen sowie ehrenamtliche Mitarbeiter zu Wort, um die Aussagen der Bibel in unser heutiges Leben hineinsprechen zu lassen. Die Gottesdienstbesucher sch\u00e4tzen die famili\u00e4re Atmosph\u00e4re und die damit verbundene gegenseitige Anteilnahme an Freude, aber auch an Kummer und Schmerz.<\/p>\n<p>Willkommen sind alle, die sich f\u00fcr die Wahrheit der Bibel und ihre wichtigen und wegweisenden Aussagen f\u00fcr unser Leben interessieren.<\/p>\n<h3 style=\"margin-bottom:10px\">Kinderbetreuung<\/h3>\n<p>Im Gottesdienst werden die Kinder im Alter von 3 1\/2 bis 12 Jahren in altersgerechten Gruppen w\u00e4hrend der Predigt im Rahmen einer Sonntagsschule betreut.<\/p>\n<p>F\u00fcr Eltern mit Kleinkindern stehen zwei Nebenr\u00e4ume mit Sichtkontakt zum Versammlungsraum sowie Ton\u00fcbertragung zur Verf\u00fcgung.<\/p>\n<p>F\u00fcr die Kleinsten kann gerne eine Wickelm\u00f6glichkeit genutzt werden.<\/p>\n<h3 style=\"margin-bottom:10px\">Barrierefreiheit<\/h3>\n<p>F\u00fcr Besucher mit H\u00f6rger\u00e4t steht eine induktive H\u00f6ranlage zur Verf\u00fcgung.<br \/>\nBesucher mit Gehbehinderungen erreichen den Versammlungsraum bequem \u00fcber den ger\u00e4umigen Aufzug.<br \/>\nIn unmittelbarer N\u00e4he zum Versammlungsraum befindet sich auch eine behindertengerechte Toilette.<\/p>\n<\/div><\/div><\/div><div id=\"pgc-179-0-1\"  class=\"panel-grid-cell\" ><div id=\"panel-179-0-1-0\" class=\"so-panel widget widget_black-studio-tinymce widget_black_studio_tinymce panel-first-child panel-last-child\" data-index=\"1\" ><div class=\"cb_sidebar panel-widget-style panel-widget-style-for-179-0-1-0\" ><div class=\"textwidget\"><h3 style=\"margin-bottom: 10px;margin-top: 0\">Ansprechpartner<\/h3>\n<p>Joachim Lipsius<\/p>\n<p><a class=\"btn btn-primary\" href=\"mailto:jlipsius@christusbund-weilheim.de\"><i class=\"fas fa-envelope\"><\/i> E-Mail schreiben<\/a><\/p><\/div><\/div><\/div><\/div><\/div><\/div><div id=\"pg-179-1\"  class=\"panel-grid panel-has-style\" ><div class=\"cb_container cb_bg_lightgray panel-row-style panel-row-style-for-179-1\" ><div id=\"pgc-179-1-0\"  class=\"panel-grid-cell\" ><div id=\"panel-179-1-0-0\" class=\"so-panel widget widget_siteorigin-panels-builder panel-first-child panel-last-child\" data-index=\"2\" ><div class=\"container panel-widget-style panel-widget-style-for-179-1-0-0\" ><div id=\"pl-w63ffa614bcab3\"  class=\"panel-layout\" ><div id=\"pg-w63ffa614bcab3-0\"  class=\"panel-grid panel-no-style\" ><div id=\"pgc-w63ffa614bcab3-0-0\"  class=\"panel-grid-cell\" ><div id=\"panel-w63ffa614bcab3-0-0-0\" class=\"so-panel widget widget_black-studio-tinymce widget_black_studio_tinymce panel-first-child panel-last-child\" data-index=\"0\" ><div class=\"textwidget\"><h3 style=\"margin: 0 0 10px 0\">Auf einen Blick<\/h3>\n<ul class=\"cb_iconList\">\n  <li>\n    <span><i class=\"fas fa-users\"><\/i><\/span>\n    <p>\n      Alle (paralleles Kinderprogramm w\u00e4hrend des Gottesdienstes)<br>\n    <\/p>\n  <\/li>\n  <li>\n    <span><i class=\"fas fa-clock\"><\/i><\/span>\n    <p>\n      Jeden Sonntag um 10:30 Uhr\n    <\/p>\n  <\/li>\n  <li>\n    <span><i class=\"fas fa-map-marker\"><\/i><\/span>\n    <p>\n      Neuer L\u00f6wensaal, Schulstra\u00dfe 20, 73235 Weilheim an der Teck<br>\n    <\/p>\n  <\/li>\n<\/ul><\/div><\/div><\/div><div id=\"pgc-w63ffa614bcab3-0-1\"  class=\"panel-grid-cell\" ><div id=\"panel-w63ffa614bcab3-0-1-0\" class=\"so-panel widget widget_black-studio-tinymce widget_black_studio_tinymce panel-first-child panel-last-child\" data-index=\"1\" ><div class=\"textwidget\"><ul class=\"cb_iconList\">\n\n \t<li style=\"margin-bottom:5px\"><img decoding=\"async\" src=\"\/weilheim\/wp-content\/uploads\/sites\/24\/2017\/12\/Aufzug.png\" style=\"margin-right:15px\" \/><div class=\"inlineIcon\">Ger\u00e4umiger Aufzug in alle Etagen<\/div><\/li>\n \t<li style=\"margin-bottom:5px\"><img decoding=\"async\" src=\"\/weilheim\/wp-content\/uploads\/sites\/24\/2017\/12\/Hoeren_ind.png\" style=\"margin-right:15px\" \/><div class=\"inlineIcon\">Induktive H\u00f6ranlage im Gottesdienstraum<\/div><\/li>\n \t<li style=\"margin-bottom:5px\"><img decoding=\"async\" src=\"\/weilheim\/wp-content\/uploads\/sites\/24\/2017\/12\/WC_Rolli.png\" style=\"margin-right:15px\" \/><div class=\"inlineIcon\">Behindertengerechte Toilette<\/div><\/li>\n \t<li style=\"margin-bottom:5px\"><img decoding=\"async\" src=\"\/weilheim\/wp-content\/uploads\/sites\/24\/2017\/12\/Baby.png\" style=\"margin-right:15px\" \/><div class=\"inlineIcon\">Wickelm\u00f6glichkeit w\u00e4hrend s\u00e4mtlicher Veranstaltungen<\/div><\/li>\n<\/ul><\/div><\/div><\/div><\/div><\/div><\/div><\/div><\/div><\/div><\/div><\/div>","protected":false},"excerpt":{"rendered":"<p>Gottesdienste Die Gottesdienste, die mit wenigen Ausnahmen jeden Sonntag von 10:30 bis 11:30 Uhr gefeiert werden, sind die Hauptveranstaltungen innerhalb unserer vielf\u00e4ltigen Angebote. Neben den Liedern durch Musikteams, und dem Gebet ist die Predigt der Mittelpunkt des Gottesdienstes. Diese wird [&hellip;]<\/p>\n","protected":false},"author":49,"featured_media":951,"parent":11,"menu_order":0,"comment_status":"closed","ping_status":"closed","template":"","meta":{"footnotes":""},"class_list":["post-179","page","type-page","status-publish","has-post-thumbnail","hentry"],"publishpress_future_action":{"enabled":false,"date":"2026-05-06 17:00:03","action":"change-status","newStatus":"draft","terms":[],"taxonomy":"","extraData":[]},"publishpress_future_workflow_manual_trigger":{"enabledWorkflows":[]},"_links":{"self":[{"href":"https:\/\/www.christusbund.de\/weilheim\/wp-json\/wp\/v2\/pages\/179","targetHints":{"allow":["GET"]}}],"collection":[{"href":"https:\/\/www.christusbund.de\/weilheim\/wp-json\/wp\/v2\/pages"}],"about":[{"href":"https:\/\/www.christusbund.de\/weilheim\/wp-json\/wp\/v2\/types\/page"}],"author":[{"embeddable":true,"href":"https:\/\/www.christusbund.de\/weilheim\/wp-json\/wp\/v2\/users\/49"}],"replies":[{"embeddable":true,"href":"https:\/\/www.christusbund.de\/weilheim\/wp-json\/wp\/v2\/comments?post=179"}],"version-history":[{"count":10,"href":"https:\/\/www.christusbund.de\/weilheim\/wp-json\/wp\/v2\/pages\/179\/revisions"}],"predecessor-version":[{"id":5847,"href":"https:\/\/www.christusbund.de\/weilheim\/wp-json\/wp\/v2\/pages\/179\/revisions\/5847"}],"up":[{"embeddable":true,"href":"https:\/\/www.christusbund.de\/weilheim\/wp-json\/wp\/v2\/pages\/11"}],"wp:featuredmedia":[{"embeddable":true,"href":"https:\/\/www.christusbund.de\/weilheim\/wp-json\/wp\/v2\/media\/951"}],"wp:attachment":[{"href":"https:\/\/www.christusbund.de\/weilheim\/wp-json\/wp\/v2\/media?parent=179"}],"curies":[{"name":"wp","href":"https:\/\/api.w.org\/{rel}","templated":true}]}}

<div id="pl-179"  class="panel-layout" ><div id="pg-179-0"  class="panel-grid panel-has-style" ><div class="container cb_container panel-row-style panel-row-style-for-179-0" ><div id="pgc-179-0-0"  class="panel-grid-cell" ><div id="panel-179-0-0-0" class="so-panel widget widget_black-studio-tinymce widget_black_studio_tinymce panel-first-child panel-last-child" data-index="0" ><div class="textwidget"><h3 style="margin-bottom:10px">Gottesdienste</h3>
<p>Die Gottesdienste, die mit wenigen Ausnahmen jeden Sonntag von 10:30 bis 11:30 Uhr gefeiert werden, sind die Hauptveranstaltungen innerhalb unserer vielfältigen Angebote.</p>
<p>Neben den Liedern durch Musikteams, und dem Gebet ist die Predigt der Mittelpunkt des Gottesdienstes. Diese wird meistens von den ausgebildeten Pastoren unseres Verbandes gehalten. Immer wieder kommen aber auch Redner von befreundeten Werken und Einrichtungen sowie ehrenamtliche Mitarbeiter zu Wort, um die Aussagen der Bibel in unser heutiges Leben hineinsprechen zu lassen. Die Gottesdienstbesucher schätzen die familiäre Atmosphäre und die damit verbundene gegenseitige Anteilnahme an Freude, aber auch an Kummer und Schmerz.</p>
<p>Willkommen sind alle, die sich für die Wahrheit der Bibel und ihre wichtigen und wegweisenden Aussagen für unser Leben interessieren.</p>
<h3 style="margin-bottom:10px">Kinderbetreuung</h3>
<p>Im Gottesdienst werden die Kinder im Alter von 3 1/2 bis 12 Jahren in altersgerechten Gruppen während der Predigt im Rahmen einer Sonntagsschule betreut.</p>
<p>Für Eltern mit Kleinkindern stehen zwei Nebenräume mit Sichtkontakt zum Versammlungsraum sowie Tonübertragung zur Verfügung.</p>
<p>Für die Kleinsten kann gerne eine Wickelmöglichkeit genutzt werden.</p>
<h3 style="margin-bottom:10px">Barrierefreiheit</h3>
<p>Für Besucher mit Hörgerät steht eine induktive Höranlage zur Verfügung.<br />
Besucher mit Gehbehinderungen erreichen den Versammlungsraum bequem über den geräumigen Aufzug.<br />
In unmittelbarer Nähe zum Versammlungsraum befindet sich auch eine behindertengerechte Toilette.</p>
</div></div></div><div id="pgc-179-0-1"  class="panel-grid-cell" ><div id="panel-179-0-1-0" class="so-panel widget widget_black-studio-tinymce widget_black_studio_tinymce panel-first-child panel-last-child" data-index="1" ><div class="cb_sidebar panel-widget-style panel-widget-style-for-179-0-1-0" ><div class="textwidget"><h3 style="margin-bottom: 10px;margin-top: 0">Ansprechpartner</h3>
<p>Joachim Lipsius</p>
<p><a class="btn btn-primary" href="mailto:jlipsius@christusbund-weilheim.de"><i class="fas fa-envelope"></i> E-Mail schreiben</a></p></div></div></div></div></div></div><div id="pg-179-1"  class="panel-grid panel-has-style" ><div class="cb_container cb_bg_lightgray panel-row-style panel-row-style-for-179-1" ><div id="pgc-179-1-0"  class="panel-grid-cell" ><div id="panel-179-1-0-0" class="so-panel widget widget_siteorigin-panels-builder panel-first-child panel-last-child" data-index="2" ><div class="container panel-widget-style panel-widget-style-for-179-1-0-0" ><div id="pl-w63ffa614bcab3"  class="panel-layout" ><div id="pg-w63ffa614bcab3-0"  class="panel-grid panel-no-style" ><div id="pgc-w63ffa614bcab3-0-0"  class="panel-grid-cell" ><div id="panel-w63ffa614bcab3-0-0-0" class="so-panel widget widget_black-studio-tinymce widget_black_studio_tinymce panel-first-child panel-last-child" data-index="0" ><div class="textwidget"><h3 style="margin: 0 0 10px 0">Auf einen Blick</h3>
<ul class="cb_iconList">
  <li>
    <span><i class="fas fa-users"></i></span>
    <p>
      Alle (paralleles Kinderprogramm während des Gottesdienstes)<br>
    </p>
  </li>
  <li>
    <span><i class="fas fa-clock"></i></span>
    <p>
      Jeden Sonntag um 10:30 Uhr
    </p>
  </li>
  <li>
    <span><i class="fas fa-map-marker"></i></span>
    <p>
      Neuer Löwensaal, Schulstraße 20, 73235 Weilheim an der Teck<br>
    </p>
  </li>
</ul></div></div></div><div id="pgc-w63ffa614bcab3-0-1"  class="panel-grid-cell" ><div id="panel-w63ffa614bcab3-0-1-0" class="so-panel widget widget_black-studio-tinymce widget_black_studio_tinymce panel-first-child panel-last-child" data-index="1" ><div class="textwidget"><ul class="cb_iconList">

 	<li style="margin-bottom:5px"><img decoding="async" src="/weilheim/wp-content/uploads/sites/24/2017/12/Aufzug.png" style="margin-right:15px" /><div class="inlineIcon">Geräumiger Aufzug in alle Etagen</div></li>
 	<li style="margin-bottom:5px"><img decoding="async" src="/weilheim/wp-content/uploads/sites/24/2017/12/Hoeren_ind.png" style="margin-right:15px" /><div class="inlineIcon">Induktive Höranlage im Gottesdienstraum</div></li>
 	<li style="margin-bottom:5px"><img decoding="async" src="/weilheim/wp-content/uploads/sites/24/2017/12/WC_Rolli.png" style="margin-right:15px" /><div class="inlineIcon">Behindertengerechte Toilette</div></li>
 	<li style="margin-bottom:5px"><img decoding="async" src="/weilheim/wp-content/uploads/sites/24/2017/12/Baby.png" style="margin-right:15px" /><div class="inlineIcon">Wickelmöglichkeit während sämtlicher Veranstaltungen</div></li>
</ul></div></div></div></div></div></div></div></div></div></div></div>

<p>Gottesdienste Die Gottesdienste, die mit wenigen Ausnahmen jeden Sonntag von 10:30 bis 11:30 Uhr gefeiert werden, sind die Hauptveranstaltungen innerhalb unserer vielfältigen Angebote. Neben den Liedern durch Musikteams, und dem Gebet ist die Predigt der Mittelpunkt des Gottesdienstes. Diese wird [&hellip;]</p>
